{"id":2189,"date":"2013-10-12T13:24:34","date_gmt":"2013-10-12T16:24:34","guid":{"rendered":"http:\/\/www.scuderia.com.br\/site\/?page_id=2189"},"modified":"2013-10-12T13:26:05","modified_gmt":"2013-10-12T16:26:05","slug":"impressoes-offset","status":"publish","type":"page","link":"https:\/\/www.scuderia.com.br\/site\/impressoes-offset\/","title":{"rendered":"Impress\u00f5es Offset"},"content":{"rendered":"<p>A Scuderia Gr\u00e1fica e Comunica\u00e7\u00e3o produz os mais diversos materiais gr\u00e1ficos, com maquin\u00e1rios modernos em sua produ\u00e7\u00e3o interna, atendendendo na cria\u00e7\u00e3o atrav\u00e9s de seu est\u00fadio interno e tamb\u00e9m na impress\u00e3o e acabamentos de servi\u00e7os gr\u00e1ficos em offset para todas as suas necessidades.<\/p>\n<p>Atendemos revendedores gr\u00e1ficos, ag\u00eancias de publicidade e cliente final em S\u00e3o Paulo\/SP e em todo o territ\u00f3rio nacional.<\/p>\n<p>Com parque gr\u00e1fico pr\u00f3prio e equipamentos prontos para atender a demanda de impressos para os mais variados segmentos de mercado, com economia e qualidade.<\/p>\n","protected":false},"excerpt":{"rendered":"<p>A Scuderia Gr\u00e1fica e Comunica\u00e7\u00e3o produz os mais diversos materiais gr\u00e1ficos, com maquin\u00e1rios modernos em sua produ\u00e7\u00e3o interna, atendendendo na cria\u00e7\u00e3o atrav\u00e9s de seu est\u00fadio interno e tamb\u00e9m na impress\u00e3o e acabamentos de servi\u00e7os gr\u00e1ficos em offset para todas as suas necessidades. Atendemos revendedores gr\u00e1ficos, ag\u00eancias de publicidade e cliente final em S\u00e3o Paulo\/SP e [&hellip;]<\/p>\n","protected":false},"author":2,"featured_media":2191,"parent":0,"menu_order":0,"comment_status":"open","ping_status":"open","template":"","meta":{"footnotes":""},"class_list":["post-2189","page","type-page","status-publish","has-post-thumbnail","hentry"],"yoast_head":"<!-- This site is optimized with the Yoast SEO plugin v27.5 - https:\/\/yoast.com\/product\/yoast-seo-wordpress\/ -->\n<title>Impress\u00f5es Offset | Scuderia Gr\u00e1fica<\/title>\n<meta name=\"robots\" content=\"index, follow, max-snippet:-1, max-image-preview:large, max-video-preview:-1\" \/>\n<link rel=\"canonical\" href=\"https:\/\/www.scuderia.com.br\/site\/impressoes-offset\/\" \/>\n<meta property=\"og:locale\" content=\"pt_BR\" \/>\n<meta property=\"og:type\" content=\"article\" \/>\n<meta property=\"og:title\" content=\"Impress\u00f5es Offset | Scuderia Gr\u00e1fica\" \/>\n<meta property=\"og:description\" content=\"A Scuderia Gr\u00e1fica e Comunica\u00e7\u00e3o produz os mais diversos materiais gr\u00e1ficos, com maquin\u00e1rios modernos em sua produ\u00e7\u00e3o interna, atendendendo na cria\u00e7\u00e3o atrav\u00e9s de seu est\u00fadio interno e tamb\u00e9m na impress\u00e3o e acabamentos de servi\u00e7os gr\u00e1ficos em offset para todas as suas necessidades. Atendemos revendedores gr\u00e1ficos, ag\u00eancias de publicidade e cliente final em S\u00e3o Paulo\/SP e [&hellip;]\" \/>\n<meta property=\"og:url\" content=\"https:\/\/www.scuderia.com.br\/site\/impressoes-offset\/\" \/>\n<meta property=\"og:site_name\" content=\"Scuderia Gr\u00e1fica\" \/>\n<meta property=\"article:publisher\" content=\"https:\/\/www.facebook.com\/ScuderiaComunicacao\/\" \/>\n<meta property=\"article:modified_time\" content=\"2013-10-12T16:26:05+00:00\" \/>\n<meta property=\"og:image\" content=\"https:\/\/www.scuderia.com.br\/site\/wp-content\/uploads\/2013\/10\/77638_366047480153326_990358286_o.png\" \/>\n\t<meta property=\"og:image:width\" content=\"960\" \/>\n\t<meta property=\"og:image:height\" content=\"450\" \/>\n\t<meta property=\"og:image:type\" content=\"image\/png\" \/>\n<meta name=\"twitter:card\" content=\"summary_large_image\" \/>\n<meta name=\"twitter:site\" content=\"@scuderiacom\" \/>\n<meta name=\"twitter:label1\" content=\"Est. tempo de leitura\" \/>\n\t<meta name=\"twitter:data1\" content=\"1 minuto\" \/>\n<script type=\"application\/ld+json\" class=\"yoast-schema-graph\">{\"@context\":\"https:\\\/\\\/schema.org\",\"@graph\":[{\"@type\":\"WebPage\",\"@id\":\"https:\\\/\\\/www.scuderia.com.br\\\/site\\\/impressoes-offset\\\/\",\"url\":\"https:\\\/\\\/www.scuderia.com.br\\\/site\\\/impressoes-offset\\\/\",\"name\":\"Impress\u00f5es Offset | Scuderia Gr\u00e1fica\",\"isPartOf\":{\"@id\":\"https:\\\/\\\/www.scuderia.com.br\\\/site\\\/#website\"},\"primaryImageOfPage\":{\"@id\":\"https:\\\/\\\/www.scuderia.com.br\\\/site\\\/impressoes-offset\\\/#primaryimage\"},\"image\":{\"@id\":\"https:\\\/\\\/www.scuderia.com.br\\\/site\\\/impressoes-offset\\\/#primaryimage\"},\"thumbnailUrl\":\"https:\\\/\\\/www.scuderia.com.br\\\/site\\\/wp-content\\\/uploads\\\/2013\\\/10\\\/77638_366047480153326_990358286_o.png\",\"datePublished\":\"2013-10-12T16:24:34+00:00\",\"dateModified\":\"2013-10-12T16:26:05+00:00\",\"breadcrumb\":{\"@id\":\"https:\\\/\\\/www.scuderia.com.br\\\/site\\\/impressoes-offset\\\/#breadcrumb\"},\"inLanguage\":\"pt-BR\",\"potentialAction\":[{\"@type\":\"ReadAction\",\"target\":[\"https:\\\/\\\/www.scuderia.com.br\\\/site\\\/impressoes-offset\\\/\"]}]},{\"@type\":\"ImageObject\",\"inLanguage\":\"pt-BR\",\"@id\":\"https:\\\/\\\/www.scuderia.com.br\\\/site\\\/impressoes-offset\\\/#primaryimage\",\"url\":\"https:\\\/\\\/www.scuderia.com.br\\\/site\\\/wp-content\\\/uploads\\\/2013\\\/10\\\/77638_366047480153326_990358286_o.png\",\"contentUrl\":\"https:\\\/\\\/www.scuderia.com.br\\\/site\\\/wp-content\\\/uploads\\\/2013\\\/10\\\/77638_366047480153326_990358286_o.png\",\"width\":960,\"height\":450,\"caption\":\"Impress\u00f5es Gr\u00e1ficas\"},{\"@type\":\"BreadcrumbList\",\"@id\":\"https:\\\/\\\/www.scuderia.com.br\\\/site\\\/impressoes-offset\\\/#breadcrumb\",\"itemListElement\":[{\"@type\":\"ListItem\",\"position\":1,\"name\":\"In\u00edcio\",\"item\":\"https:\\\/\\\/www.scuderia.com.br\\\/site\\\/\"},{\"@type\":\"ListItem\",\"position\":2,\"name\":\"Impress\u00f5es Offset\"}]},{\"@type\":\"WebSite\",\"@id\":\"https:\\\/\\\/www.scuderia.com.br\\\/site\\\/#website\",\"url\":\"https:\\\/\\\/www.scuderia.com.br\\\/site\\\/\",\"name\":\"Scuderia Gr\u00e1fica\",\"description\":\"Possu\u00edmos solu\u00e7\u00f5es Gr\u00e1ficas para impress\u00e3o com o melhor custo benef\u00edcio do mercado.\",\"publisher\":{\"@id\":\"https:\\\/\\\/www.scuderia.com.br\\\/site\\\/#organization\"},\"potentialAction\":[{\"@type\":\"SearchAction\",\"target\":{\"@type\":\"EntryPoint\",\"urlTemplate\":\"https:\\\/\\\/www.scuderia.com.br\\\/site\\\/?s={search_term_string}\"},\"query-input\":{\"@type\":\"PropertyValueSpecification\",\"valueRequired\":true,\"valueName\":\"search_term_string\"}}],\"inLanguage\":\"pt-BR\"},{\"@type\":\"Organization\",\"@id\":\"https:\\\/\\\/www.scuderia.com.br\\\/site\\\/#organization\",\"name\":\"Scuderia Gr\u00e1fica\",\"url\":\"https:\\\/\\\/www.scuderia.com.br\\\/site\\\/\",\"logo\":{\"@type\":\"ImageObject\",\"inLanguage\":\"pt-BR\",\"@id\":\"https:\\\/\\\/www.scuderia.com.br\\\/site\\\/#\\\/schema\\\/logo\\\/image\\\/\",\"url\":\"https:\\\/\\\/www.scuderia.com.br\\\/site\\\/wp-content\\\/uploads\\\/2017\\\/06\\\/scuderia-logo-grafica1.png\",\"contentUrl\":\"https:\\\/\\\/www.scuderia.com.br\\\/site\\\/wp-content\\\/uploads\\\/2017\\\/06\\\/scuderia-logo-grafica1.png\",\"width\":360,\"height\":110,\"caption\":\"Scuderia Gr\u00e1fica\"},\"image\":{\"@id\":\"https:\\\/\\\/www.scuderia.com.br\\\/site\\\/#\\\/schema\\\/logo\\\/image\\\/\"},\"sameAs\":[\"https:\\\/\\\/www.facebook.com\\\/ScuderiaComunicacao\\\/\",\"https:\\\/\\\/x.com\\\/scuderiacom\",\"https:\\\/\\\/www.instagram.com\\\/scuderiacom\\\/\",\"http:\\\/\\\/www.youtube.com\\\/scuderiagrafica\"]}]}<\/script>\n<!-- \/ Yoast SEO plugin. -->","yoast_head_json":{"title":"Impress\u00f5es Offset | Scuderia Gr\u00e1fica","robots":{"index":"index","follow":"follow","max-snippet":"max-snippet:-1","max-image-preview":"max-image-preview:large","max-video-preview":"max-video-preview:-1"},"canonical":"https:\/\/www.scuderia.com.br\/site\/impressoes-offset\/","og_locale":"pt_BR","og_type":"article","og_title":"Impress\u00f5es Offset | Scuderia Gr\u00e1fica","og_description":"A Scuderia Gr\u00e1fica e Comunica\u00e7\u00e3o produz os mais diversos materiais gr\u00e1ficos, com maquin\u00e1rios modernos em sua produ\u00e7\u00e3o interna, atendendendo na cria\u00e7\u00e3o atrav\u00e9s de seu est\u00fadio interno e tamb\u00e9m na impress\u00e3o e acabamentos de servi\u00e7os gr\u00e1ficos em offset para todas as suas necessidades. Atendemos revendedores gr\u00e1ficos, ag\u00eancias de publicidade e cliente final em S\u00e3o Paulo\/SP e [&hellip;]","og_url":"https:\/\/www.scuderia.com.br\/site\/impressoes-offset\/","og_site_name":"Scuderia Gr\u00e1fica","article_publisher":"https:\/\/www.facebook.com\/ScuderiaComunicacao\/","article_modified_time":"2013-10-12T16:26:05+00:00","og_image":[{"width":960,"height":450,"url":"https:\/\/www.scuderia.com.br\/site\/wp-content\/uploads\/2013\/10\/77638_366047480153326_990358286_o.png","type":"image\/png"}],"twitter_card":"summary_large_image","twitter_site":"@scuderiacom","twitter_misc":{"Est. tempo de leitura":"1 minuto"},"schema":{"@context":"https:\/\/schema.org","@graph":[{"@type":"WebPage","@id":"https:\/\/www.scuderia.com.br\/site\/impressoes-offset\/","url":"https:\/\/www.scuderia.com.br\/site\/impressoes-offset\/","name":"Impress\u00f5es Offset | Scuderia Gr\u00e1fica","isPartOf":{"@id":"https:\/\/www.scuderia.com.br\/site\/#website"},"primaryImageOfPage":{"@id":"https:\/\/www.scuderia.com.br\/site\/impressoes-offset\/#primaryimage"},"image":{"@id":"https:\/\/www.scuderia.com.br\/site\/impressoes-offset\/#primaryimage"},"thumbnailUrl":"https:\/\/www.scuderia.com.br\/site\/wp-content\/uploads\/2013\/10\/77638_366047480153326_990358286_o.png","datePublished":"2013-10-12T16:24:34+00:00","dateModified":"2013-10-12T16:26:05+00:00","breadcrumb":{"@id":"https:\/\/www.scuderia.com.br\/site\/impressoes-offset\/#breadcrumb"},"inLanguage":"pt-BR","potentialAction":[{"@type":"ReadAction","target":["https:\/\/www.scuderia.com.br\/site\/impressoes-offset\/"]}]},{"@type":"ImageObject","inLanguage":"pt-BR","@id":"https:\/\/www.scuderia.com.br\/site\/impressoes-offset\/#primaryimage","url":"https:\/\/www.scuderia.com.br\/site\/wp-content\/uploads\/2013\/10\/77638_366047480153326_990358286_o.png","contentUrl":"https:\/\/www.scuderia.com.br\/site\/wp-content\/uploads\/2013\/10\/77638_366047480153326_990358286_o.png","width":960,"height":450,"caption":"Impress\u00f5es Gr\u00e1ficas"},{"@type":"BreadcrumbList","@id":"https:\/\/www.scuderia.com.br\/site\/impressoes-offset\/#breadcrumb","itemListElement":[{"@type":"ListItem","position":1,"name":"In\u00edcio","item":"https:\/\/www.scuderia.com.br\/site\/"},{"@type":"ListItem","position":2,"name":"Impress\u00f5es Offset"}]},{"@type":"WebSite","@id":"https:\/\/www.scuderia.com.br\/site\/#website","url":"https:\/\/www.scuderia.com.br\/site\/","name":"Scuderia Gr\u00e1fica","description":"Possu\u00edmos solu\u00e7\u00f5es Gr\u00e1ficas para impress\u00e3o com o melhor custo benef\u00edcio do mercado.","publisher":{"@id":"https:\/\/www.scuderia.com.br\/site\/#organization"},"potentialAction":[{"@type":"SearchAction","target":{"@type":"EntryPoint","urlTemplate":"https:\/\/www.scuderia.com.br\/site\/?s={search_term_string}"},"query-input":{"@type":"PropertyValueSpecification","valueRequired":true,"valueName":"search_term_string"}}],"inLanguage":"pt-BR"},{"@type":"Organization","@id":"https:\/\/www.scuderia.com.br\/site\/#organization","name":"Scuderia Gr\u00e1fica","url":"https:\/\/www.scuderia.com.br\/site\/","logo":{"@type":"ImageObject","inLanguage":"pt-BR","@id":"https:\/\/www.scuderia.com.br\/site\/#\/schema\/logo\/image\/","url":"https:\/\/www.scuderia.com.br\/site\/wp-content\/uploads\/2017\/06\/scuderia-logo-grafica1.png","contentUrl":"https:\/\/www.scuderia.com.br\/site\/wp-content\/uploads\/2017\/06\/scuderia-logo-grafica1.png","width":360,"height":110,"caption":"Scuderia Gr\u00e1fica"},"image":{"@id":"https:\/\/www.scuderia.com.br\/site\/#\/schema\/logo\/image\/"},"sameAs":["https:\/\/www.facebook.com\/ScuderiaComunicacao\/","https:\/\/x.com\/scuderiacom","https:\/\/www.instagram.com\/scuderiacom\/","http:\/\/www.youtube.com\/scuderiagrafica"]}]}},"_links":{"self":[{"href":"https:\/\/www.scuderia.com.br\/site\/wp-json\/wp\/v2\/pages\/2189","targetHints":{"allow":["GET"]}}],"collection":[{"href":"https:\/\/www.scuderia.com.br\/site\/wp-json\/wp\/v2\/pages"}],"about":[{"href":"https:\/\/www.scuderia.com.br\/site\/wp-json\/wp\/v2\/types\/page"}],"author":[{"embeddable":true,"href":"https:\/\/www.scuderia.com.br\/site\/wp-json\/wp\/v2\/users\/2"}],"replies":[{"embeddable":true,"href":"https:\/\/www.scuderia.com.br\/site\/wp-json\/wp\/v2\/comments?post=2189"}],"version-history":[{"count":0,"href":"https:\/\/www.scuderia.com.br\/site\/wp-json\/wp\/v2\/pages\/2189\/revisions"}],"wp:featuredmedia":[{"embeddable":true,"href":"https:\/\/www.scuderia.com.br\/site\/wp-json\/wp\/v2\/media\/2191"}],"wp:attachment":[{"href":"https:\/\/www.scuderia.com.br\/site\/wp-json\/wp\/v2\/media?parent=2189"}],"curies":[{"name":"wp","href":"https:\/\/api.w.org\/{rel}","templated":true}]}}